{"id":2,"date":"2017-12-09T09:59:38","date_gmt":"2017-12-09T08:59:38","guid":{"rendered":"https:\/\/eu-bayern.de\/tpl1\/?page_id=2"},"modified":"2024-06-04T08:44:58","modified_gmt":"2024-06-04T06:44:58","slug":"idx","status":"publish","type":"page","link":"https:\/\/eu-bayern.de\/bv-muenchen\/","title":{"rendered":"Hauptseite"},"content":{"rendered":"<p><div class=\"fusion-fullwidth fullwidth-box fusion-builder-row-1 nonhundred-percent-fullwidth non-hundred-percent-height-scrolling fusion-equal-height-columns\" style=\"background-color: rgba(255,255,255,0);background-position: center center;background-repeat: no-repeat;padding-top:0px;padding-right:0px;padding-bottom:0px;padding-left:0px;margin-bottom: 0px;margin-top: 0px;border-width: 0px 0px 0px 0px;border-color:#eae9e9;border-style:solid;\" ><div class=\"fusion-builder-row fusion-row\"><div class=\"fusion-layout-column fusion_builder_column fusion-builder-column-0 fusion_builder_column_2_3 2_3 fusion-two-third fusion-column-first\" style=\"width:66.666666666667%;width:calc(66.666666666667% - ( ( 0% ) * 0.66666666666667 ) );margin-right: 0%;margin-top:0px;margin-bottom:20px;\"><div class=\"fusion-column-wrapper fusion-flex-column-wrapper-legacy\" style=\"background-position:left top;background-repeat:no-repeat;-webkit-background-size:cover;-moz-background-size:cover;-o-background-size:cover;background-size:cover;background-color:#03a9f4;padding: 0px 0px 0px 0px;\"><span class=\" fusion-imageframe imageframe-none imageframe-1 hover-type-none\"><img width=\"800\" height=\"537\" title=\"Neues Rathaus, Rathausturm, Marienplatz, Dom05.06.2003\" src=\"https:\/\/eu-bayern.de\/bv-muenchen\/wp-content\/uploads\/sites\/12\/2020\/01\/rathaus_oben_Quelle_Nagy_Presseamt-M\u00fcnchen.jpg\" alt class=\"img-responsive wp-image-979\"\/><\/span><div class=\"fusion-clearfix\"><\/div><\/div><\/div><div class=\"fusion-layout-column fusion_builder_column fusion-builder-column-1 fusion_builder_column_1_3 1_3 fusion-one-third fusion-column-last\" style=\"width:33.333333333333%;width:calc(33.333333333333% - ( ( 0% ) * 0.33333333333333 ) );margin-top:0px;margin-bottom:20px;\"><div class=\"fusion-column-wrapper fusion-flex-column-wrapper-legacy\" style=\"background-position:left top;background-repeat:no-repeat;-webkit-background-size:cover;-moz-background-size:cover;-o-background-size:cover;background-size:cover;background-color:#eeeeee;border-width: 1px 1px 1px 1px;border-color:#cccccc;border-style:solid;padding: 20px 20px 20px 20px;\"><div class=\"fusion-column-content-centered\"><div class=\"fusion-column-content\"><div class=\"fusion-text fusion-text-1\"><p class=\"tinymce_own02\" style=\"text-align: center\"><em>Die partei\u00fcbergreifende und unabh\u00e4ngige Europa-Union M\u00fcnchen vereint Menschen, die sich der Wichtigkeit der Europ\u00e4ischen Union f\u00fcr ein Leben in Freiheit und Frieden bewusst sind.<br \/>Wir tauschen uns untereinander aus und f\u00fchren zahlreiche Aktionen in der Stadt M\u00fcnchen und Umgebung durch.<\/em><\/p>\n<\/div><div class=\"fusion-align-block\"><style>.fusion-button.button-1{border-color:#666666;border-width:1px 1px 1px 1px;border-radius:0px 0px 0px 0px;background:#ffffff;}.fusion-button.button-1 .fusion-button-text,.fusion-button.button-1 i,.fusion-button.button-1:hover .fusion-button-text,.fusion-button.button-1:hover i,.fusion-button.button-1:focus .fusion-button-text,.fusion-button.button-1:focus i,.fusion-button.button-1:active .fusion-button-text,.fusion-button.button-1:active i{color:#666666;}.fusion-button.button-1:hover,.fusion-button.button-1:active,.fusion-button.button-1:focus{border-color:#666666;border-width:1px 1px 1px 1px;background:#ffffff;}<\/style><a class=\"fusion-button button-flat fusion-button-default-size button-custom button-1 fusion-button-span-yes fusion-button-default-type\" target=\"_self\" href=\"https:\/\/eu-bayern.de\/bv-muenchen\/ueber-uns\/\"><span class=\"fusion-button-text\">Mehr \u00fcber uns<\/span><\/a><\/div><\/div><\/div><div class=\"fusion-clearfix\"><\/div><\/div><\/div><\/div><\/div><div class=\"fusion-fullwidth fullwidth-box fusion-builder-row-2 nonhundred-percent-fullwidth non-hundred-percent-height-scrolling\" style=\"background-color: rgba(255,255,255,0);background-position: center center;background-repeat: no-repeat;padding-top:0px;padding-right:0px;padding-bottom:0px;padding-left:0px;margin-bottom: 0px;margin-top: 30px;border-width: 0px 0px 0px 0px;border-color:#eae9e9;border-style:solid;\" ><div class=\"fusion-builder-row fusion-row\"><div class=\"fusion-layout-column fusion_builder_column fusion-builder-column-2 fusion_builder_column_1_1 1_1 fusion-one-full fusion-column-first fusion-column-last\" style=\"margin-top:0px;margin-bottom:20px;\"><div class=\"fusion-column-wrapper fusion-flex-column-wrapper-legacy\" style=\"background-position:left top;background-repeat:no-repeat;-webkit-background-size:cover;-moz-background-size:cover;-o-background-size:cover;background-size:cover;padding: 0px 0px 0px 0px;\"><style type=\"text\/css\"><\/style><div class=\"fusion-title title fusion-title-1 fusion-sep-none fusion-title-text fusion-title-size-two pall10 c_111 bg_eee\" style=\"margin-top:0px;margin-right:0px;margin-bottom:20px;margin-left:0px;\"><h2 class=\"title-heading-left fusion-responsive-typography-calculated\" style=\"margin:0;--fontSize:16;--minFontSize:16px;line-height:1.6;\">Anstehende Termine<\/h2><\/div><div class=\"fusion-builder-row fusion-builder-row-inner fusion-row\"><div class=\"fusion-layout-column fusion_builder_column_inner fusion-builder-nested-column-0 fusion_builder_column_inner_1_3 1_3 fusion-one-third fusion-column-first\" style=\"width:30.6666%; margin-right: 4%;margin-top:0px;margin-bottom:20px;\"><div class=\"fusion-column-wrapper fusion-flex-column-wrapper-legacy\" style=\"background-position:left top;background-repeat:no-repeat;-webkit-background-size:cover;-moz-background-size:cover;-o-background-size:cover;background-size:cover;padding: 0px 0px 0px 0px;\"><style type=\"text\/css\"><\/style><div class=\"fusion-title title fusion-title-2 fusion-title-text fusion-title-size-two txti\" style=\"margin-top:0px;margin-right:0px;margin-bottom:31px;margin-left:0px;\"><h2 class=\"title-heading-left fusion-responsive-typography-calculated\" style=\"margin:0;--fontSize:16;--minFontSize:16px;line-height:1.6;\">May 2026<\/h2><span class=\"awb-title-spacer\"><\/span><div class=\"title-sep-container\"><div class=\"title-sep sep-double sep-solid\" style=\"border-color:#e0dede;\"><\/div><\/div><\/div><div class=\"fusion-clearfix\"><\/div><\/div><\/div><div class=\"fusion-layout-column fusion_builder_column_inner fusion-builder-nested-column-1 fusion_builder_column_inner_2_3 2_3 fusion-two-third fusion-column-last\" style=\"width:65.3333%;margin-top:0px;margin-bottom:20px;\"><div class=\"fusion-column-wrapper fusion-flex-column-wrapper-legacy\" style=\"background-position:left top;background-repeat:no-repeat;-webkit-background-size:cover;-moz-background-size:cover;-o-background-size:cover;background-size:cover;padding: 0px 0px 0px 0px;\"><div class=\"box3\"><div class=\"box4\">30<\/div><style type=\"text\/css\">.fusion-accordian  #accordion-2-1 .panel-title a .fa-fusion-box{ color: #ffffff;}.fusion-accordian  #accordion-2-1 .panel-title a .fa-fusion-box:before{ font-size: 14px; width: 14px;}.fusion-accordian  #accordion-2-1 .panel-title a{font-size:13px;}.fusion-accordian  #accordion-2-1 .fa-fusion-box { background-color: #2a973e;border-color: #2a973e;}.fusion-accordian  #accordion-2-1 .panel-title a:hover, #accordion-2-1 .fusion-toggle-boxed-mode:hover .panel-title a { color: #2a973e;}.fusion-accordian  #accordion-2-1 .panel-title .active .fa-fusion-box,.fusion-accordian  #accordion-2-1 .panel-title a:hover .fa-fusion-box { background-color: #2a973e!important;border-color: #2a973e!important;}<\/style><div class=\"accordian fusion-accordian box6\"><div class=\"panel-group\" id=\"accordion-2-1\"><div class=\"fusion-panel panel-default fusion-toggle-no-divider\"><div class=\"panel-heading\"><h4 class=\"panel-title toggle\"><a aria-expanded=\"false\" aria-controls=\"9d0032154ad513d82\" role=\"button\" data-toggle=\"collapse\" data-parent=\"#accordion-2-1\" data-target=\"#9d0032154ad513d82\" href=\"#9d0032154ad513d82\"><span class=\"fusion-toggle-icon-wrapper\" aria-hidden=\"true\"><i class=\"fa-fusion-box\" aria-hidden=\"true\"><\/i><\/span><span class=\"fusion-toggle-heading\">Europa-Union M\u00fcnchen beim M\u00fcnchen-Bordeaux-Partnerschaftsfest<\/span><\/a><\/h4><\/div><div id=\"9d0032154ad513d82\" class=\"panel-collapse collapse \"><div class=\"panel-body toggle-content fusion-clearfix\"><span class=\"fs18 c_999\">30. May 2026, 09:30-18:00<\/span><br><span class=\"fw700\"><\/span> <span><\/span><br><span class=\"blocki mt10 txti\">Die Europa-Union M\u00fcnchen ist Kooperationspartnerin des Partnerschaftsfestes der Initiative M\u00fcnchen\u2013Bordeaux.\n<\/span><br><a class=\"blocki w100 txtr\" href=\"https:\/\/eu-bayern.de\/bv-muenchen\/terminarchiv\/bordeaux-partnerschaftsfest\/\">Details<\/a><\/div><\/div><\/div><\/div><\/div><\/div><div class=\"fusion-sep-clear\"><\/div><div class=\"fusion-separator fusion-full-width-sep fusion-clearfix\" style=\"float:left;margin-top:5px;margin-bottom:5px;width:100%;\"><div class=\"fusion-separator-border sep-single sep-dashed\" style=\"border-color:#ccc;border-top-width:1px;\"><\/div><\/div><div class=\"fusion-sep-clear\"><\/div><div class=\"fusion-clearfix\"><\/div><\/div><\/div><\/div><div class=\"fusion-builder-row fusion-builder-row-inner fusion-row\"><div class=\"fusion-layout-column fusion_builder_column_inner fusion-builder-nested-column-2 fusion_builder_column_inner_1_3 1_3 fusion-one-third fusion-column-first\" style=\"width:30.6666%; margin-right: 4%;margin-top:0px;margin-bottom:20px;\"><div class=\"fusion-column-wrapper fusion-flex-column-wrapper-legacy\" style=\"background-position:left top;background-repeat:no-repeat;-webkit-background-size:cover;-moz-background-size:cover;-o-background-size:cover;background-size:cover;padding: 0px 0px 0px 0px;\"><style type=\"text\/css\"><\/style><div class=\"fusion-title title fusion-title-3 fusion-title-text fusion-title-size-two txti\" style=\"margin-top:0px;margin-right:0px;margin-bottom:31px;margin-left:0px;\"><h2 class=\"title-heading-left fusion-responsive-typography-calculated\" style=\"margin:0;--fontSize:16;--minFontSize:16px;line-height:1.6;\">June 2026<\/h2><span class=\"awb-title-spacer\"><\/span><div class=\"title-sep-container\"><div class=\"title-sep sep-double sep-solid\" style=\"border-color:#e0dede;\"><\/div><\/div><\/div><div class=\"fusion-clearfix\"><\/div><\/div><\/div><div class=\"fusion-layout-column fusion_builder_column_inner fusion-builder-nested-column-3 fusion_builder_column_inner_2_3 2_3 fusion-two-third fusion-column-last\" style=\"width:65.3333%;margin-top:0px;margin-bottom:20px;\"><div class=\"fusion-column-wrapper fusion-flex-column-wrapper-legacy\" style=\"background-position:left top;background-repeat:no-repeat;-webkit-background-size:cover;-moz-background-size:cover;-o-background-size:cover;background-size:cover;padding: 0px 0px 0px 0px;\"><div class=\"box3\"><div class=\"box4\">16<\/div><style type=\"text\/css\">.fusion-accordian  #accordion-2-2 .panel-title a .fa-fusion-box{ color: #ffffff;}.fusion-accordian  #accordion-2-2 .panel-title a .fa-fusion-box:before{ font-size: 14px; width: 14px;}.fusion-accordian  #accordion-2-2 .panel-title a{font-size:13px;}.fusion-accordian  #accordion-2-2 .fa-fusion-box { background-color: #2a973e;border-color: #2a973e;}.fusion-accordian  #accordion-2-2 .panel-title a:hover, #accordion-2-2 .fusion-toggle-boxed-mode:hover .panel-title a { color: #2a973e;}.fusion-accordian  #accordion-2-2 .panel-title .active .fa-fusion-box,.fusion-accordian  #accordion-2-2 .panel-title a:hover .fa-fusion-box { background-color: #2a973e!important;border-color: #2a973e!important;}<\/style><div class=\"accordian fusion-accordian box6\"><div class=\"panel-group\" id=\"accordion-2-2\"><div class=\"fusion-panel panel-default fusion-toggle-no-divider\"><div class=\"panel-heading\"><h4 class=\"panel-title toggle\"><a aria-expanded=\"false\" aria-controls=\"9bae6a85623103849\" role=\"button\" data-toggle=\"collapse\" data-parent=\"#accordion-2-2\" data-target=\"#9bae6a85623103849\" href=\"#9bae6a85623103849\"><span class=\"fusion-toggle-icon-wrapper\" aria-hidden=\"true\"><i class=\"fa-fusion-box\" aria-hidden=\"true\"><\/i><\/span><span class=\"fusion-toggle-heading\">Europa-Dialog: \u00b4Medien, KI und Vertrauen - Wem k\u00f6nnen wir noch glauben?<\/span><\/a><\/h4><\/div><div id=\"9bae6a85623103849\" class=\"panel-collapse collapse \"><div class=\"panel-body toggle-content fusion-clearfix\"><span class=\"fs18 c_999\">16. June 2026, 17:30-19:00<\/span><br><span class=\"fw700\">Europ\u00e4ische Kommission Vertretung M\u00fcnchen<\/span> <span>(Bob\u2011van\u2011Benthem\u2011Platz 1, M\u00fcnchen, 80469)<\/span><br><span class=\"blocki mt10 txti\">Jeden Tag sind wir einer st\u00e4ndigen Informationsflut ausgesetzt. Die Plattform\u00f6konomie der Techgiganten bestimmen Reichweiten, Werbem\u00e4rkte und die Debattenagenda. F\u00fcr Demokratien sind jedoch unabh\u00e4ngige Medien, Vielfalt und transparente Regeln zentral.\u00a0 Welchem Absender k\u00f6nnen wir also noch glauben?\nMichael Schlegel, Journalist beim BR Faktenfuchs, gibt einen Einblick in seine Arbeit als \u201eFact Checker\u201c beim Bayerischen Rundfunk.\u00a0 Im Gespr\u00e4ch mit Dr. Natascha Zeitel-Bank, Kommunikationswissenschaftlerin Universit\u00e4t Innsbruck, werden Beispiele analysiert und ein Blick in die Zukunft gerichtet (Stichwort: Digitale Souver\u00e4nit\u00e4t Europas).   Moderation: Dr. Natascha Zeitel-Bank, Kommunikationswissenschaftlerin Universit\u00e4t Innsbruck.\u00a0\n<\/span><br><a class=\"blocki w100 txtr\" href=\"https:\/\/eu-bayern.de\/bv-muenchen\/terminarchiv\/europa-dialog-medien-ki-und-vertrauen-wem-konnen-wir-noch-glauben\/\">Details<\/a><\/div><\/div><\/div><\/div><\/div><\/div><div class=\"fusion-sep-clear\"><\/div><div class=\"fusion-separator fusion-full-width-sep fusion-clearfix\" style=\"float:left;margin-top:5px;margin-bottom:5px;width:100%;\"><div class=\"fusion-separator-border sep-single sep-dashed\" style=\"border-color:#ccc;border-top-width:1px;\"><\/div><\/div><div class=\"fusion-sep-clear\"><\/div><div class=\"box3\"><div class=\"box4\">20<\/div><style type=\"text\/css\">.fusion-accordian  #accordion-2-3 .panel-title a .fa-fusion-box{ color: #ffffff;}.fusion-accordian  #accordion-2-3 .panel-title a .fa-fusion-box:before{ font-size: 14px; width: 14px;}.fusion-accordian  #accordion-2-3 .panel-title a{font-size:13px;}.fusion-accordian  #accordion-2-3 .fa-fusion-box { background-color: #2a973e;border-color: #2a973e;}.fusion-accordian  #accordion-2-3 .panel-title a:hover, #accordion-2-3 .fusion-toggle-boxed-mode:hover .panel-title a { color: #2a973e;}.fusion-accordian  #accordion-2-3 .panel-title .active .fa-fusion-box,.fusion-accordian  #accordion-2-3 .panel-title a:hover .fa-fusion-box { background-color: #2a973e!important;border-color: #2a973e!important;}<\/style><div class=\"accordian fusion-accordian box6\"><div class=\"panel-group\" id=\"accordion-2-3\"><div class=\"fusion-panel panel-default fusion-toggle-no-divider\"><div class=\"panel-heading\"><h4 class=\"panel-title toggle\"><a aria-expanded=\"false\" aria-controls=\"ae1eef20540d0acda\" role=\"button\" data-toggle=\"collapse\" data-parent=\"#accordion-2-3\" data-target=\"#ae1eef20540d0acda\" href=\"#ae1eef20540d0acda\"><span class=\"fusion-toggle-icon-wrapper\" aria-hidden=\"true\"><i class=\"fa-fusion-box\" aria-hidden=\"true\"><\/i><\/span><span class=\"fusion-toggle-heading\">Europa-Union M\u00fcnchen und JEF M\u00fcnchen mit dabei beim \u00b4Zamanand-Festival\u00b4 M\u00fcnchen<\/span><\/a><\/h4><\/div><div id=\"ae1eef20540d0acda\" class=\"panel-collapse collapse \"><div class=\"panel-body toggle-content fusion-clearfix\"><span class=\"fs18 c_999\">20. June 2026, 10:00-19:30<\/span><br><span class=\"fw700\"><\/span> <span><\/span><br><span class=\"blocki mt10 txti\">Auch in diesem Juni verwandelt sich die M\u00fcnchner Leopold- und Ludwigstra\u00dfe in eine riesige Fu\u00dfg\u00e4ngerzone. Wo normalerweise Autos durch die Stadt kurven, lockt dann eine pulsierende Festmeile unz\u00e4hlige Menschen nach Schwabing und in die Maxvorstadt.\nEs hei\u00dft, das Stra\u00dfenfest geh\u00f6re zu einem der gr\u00f6\u00dften seiner Art in Europa. Auch die Europa-Union M\u00fcnchen ist zusammen mit der JEF M\u00fcnchen wieder mit einem Stand dabei&#8230;\nMehr zum Festival unter: https:\/\/www.muenchen.travel\/pois\/maerkte-feste\/corso-leopold-zamanand-festival\n<\/span><br><a class=\"blocki w100 txtr\" href=\"https:\/\/eu-bayern.de\/bv-muenchen\/terminarchiv\/zamanand-festival-munchen\/\">Details<\/a><\/div><\/div><\/div><\/div><\/div><\/div><div class=\"fusion-sep-clear\"><\/div><div class=\"fusion-separator fusion-full-width-sep fusion-clearfix\" style=\"float:left;margin-top:5px;margin-bottom:5px;width:100%;\"><div class=\"fusion-separator-border sep-single sep-dashed\" style=\"border-color:#ccc;border-top-width:1px;\"><\/div><\/div><div class=\"fusion-sep-clear\"><\/div><div class=\"fusion-clearfix\"><\/div><\/div><\/div><\/div><div class=\"fusion-alignright\"><style>.fusion-button.button-2{border-radius:0px 0px 0px 0px;}<\/style><a class=\"fusion-button button-flat fusion-button-default-size button-default button-2 fusion-button-default-span fusion-button-default-type\" target=\"_self\" href=\"https:\/\/eu-bayern.de\/bv-muenchen\/terminarchiv\"><span class=\"fusion-button-text\">TERMINARCHIV ANZEIGEN<\/span><\/a><\/div><div class=\"fusion-clearfix\"><\/div><\/div><\/div><\/div><\/div><div class=\"fusion-fullwidth fullwidth-box fusion-builder-row-3 nonhundred-percent-fullwidth non-hundred-percent-height-scrolling\" style=\"background-color: rgba(255,255,255,0);background-position: center center;background-repeat: no-repeat;padding-top:0px;padding-right:0px;padding-bottom:0px;padding-left:0px;margin-bottom: 0px;margin-top: 0px;border-width: 0px 0px 0px 0px;border-color:#eae9e9;border-style:solid;\" id=\"idx_articlelist_wrapper\" ><div class=\"fusion-builder-row fusion-row\"><div class=\"fusion-layout-column fusion_builder_column fusion-builder-column-3 fusion_builder_column_1_1 1_1 fusion-one-full fusion-column-first fusion-column-last\" style=\"margin-top:0px;margin-bottom:20px;\"><div class=\"fusion-column-wrapper fusion-flex-column-wrapper-legacy\" style=\"background-position:left top;background-repeat:no-repeat;-webkit-background-size:cover;-moz-background-size:cover;-o-background-size:cover;background-size:cover;padding: 0px 0px 0px 0px;\"><style type=\"text\/css\"><\/style><div class=\"fusion-title title fusion-title-4 fusion-sep-none fusion-title-text fusion-title-size-two pall10 c_111 bg_eee\" style=\"margin-top:0px;margin-right:0px;margin-bottom:20px;margin-left:0px;\"><h2 class=\"title-heading-left fusion-responsive-typography-calculated\" style=\"margin:0;--fontSize:16;--minFontSize:16px;line-height:1.6;\">Aktuelles<\/h2><\/div><div class=\"fusion-fullwidth fullwidth-box fusion-builder-row-3-1 nonhundred-percent-fullwidth non-hundred-percent-height-scrolling\" style=\"background-color: rgba(255,255,255,0);background-position: center center;background-repeat: no-repeat;padding-top:0px;padding-right:0px;padding-bottom:0px;padding-left:0px;margin-bottom: 0px;margin-top: 0px;border-width: 0px 0px 0px 0px;border-color:#eae9e9;border-style:solid;\" ><div class=\"fusion-builder-row fusion-row\"><div class=\"fusion-layout-column fusion_builder_column fusion-builder-column-4 fusion_builder_column_1_1 1_1 fusion-one-full fusion-column-first fusion-column-last\" style=\"margin-top:0px;margin-bottom:20px;\"><div class=\"fusion-column-wrapper fusion-flex-column-wrapper-legacy\" style=\"background-position:left top;background-repeat:no-repeat;-webkit-background-size:cover;-moz-background-size:cover;-o-background-size:cover;background-size:cover;padding: 0px 0px 0px 0px;\"><div class=\"fusion-blog-shortcode fusion-blog-shortcode-1 fusion-blog-archive fusion-blog-layout-large fusion-blog-no fusion-blog-no-images\"><div class=\"fusion-posts-container fusion-posts-container-no\" data-pages=\"22\"><article id=\"blog-1-post-2348\" class=\"fusion-post-large post-2348 post type-post status-publish format-standard hentry category-allgemein\">\n<div class=\"fusion-post-content post-content\"><h2 class=\"blog-shortcode-post-title entry-title\"><a href=\"https:\/\/eu-bayern.de\/bv-muenchen\/europa-mai-in-munchen\/\">Europa-Mai in M\u00fcnchen<\/a><\/h2><div class=\"fusion-post-content-container\"><p>Am Sonntag, den 10. Mai, dreht sich zwischen 14 und 18 Uhr bereits zum f\u00fcnften Mal das Europa*Rad im Werksviertel. Mit knapp 50 pro-europ\u00e4ischen Organisationen, Vereinen und Institutionen laden die Kooperationspartner des M\u00fcnchner Europa-Mai alle M\u00fcnchner*innen gemeinsam zur freien Fahrt im Umadum, dem M\u00fcnchner Riesenrad. Mit dabei ist auch die Europa-Union M\u00fcnchen.<\/p><\/div><\/div><div class=\"fusion-clearfix\"><\/div><div class=\"fusion-meta-info\"><div class=\"fusion-alignleft\"><span class=\"updated\" style=\"display:none;\">2026-05-01T14:03:53+02:00<\/span><span>1. May, 2026<\/span><span class=\"fusion-inline-sep\">|<\/span><a href=\"https:\/\/eu-bayern.de\/bv-muenchen\/c\/allgemein\/\" rel=\"category tag\">Allgemein<\/a><span class=\"fusion-inline-sep\">|<\/span><\/div><\/div><\/article>\n<article id=\"blog-1-post-2317\" class=\"fusion-post-large post-2317 post type-post status-publish format-standard hentry category-allgemein\">\n<div class=\"fusion-post-content post-content\"><h2 class=\"blog-shortcode-post-title entry-title\"><a href=\"https:\/\/eu-bayern.de\/bv-muenchen\/wahlen-2025-europa-union-munchen-auf-allen-ebenen-vertreten\/\">Wahlen 2025: Europa-Union M\u00fcnchen auf allen Ebenen vertreten<\/a><\/h2><div class=\"fusion-post-content-container\"><p>Es freut uns, dass die Europa-Union M\u00fcnchen auf allen Ebenen der gr\u00f6\u00dften B\u00fcrgerinitiative f\u00fcr Europa in Deutschland mit rund 17.000 Mitgliedern vertreten ist. Das f\u00f6deralistische Prinzip wird damit auch auf der Verbandsebene gespiegelt, um m\u00f6glichst viele pro-europ\u00e4ische Kr\u00e4fte zu b\u00fcnden, Synergien zu erreichen und den Austausch zu f\u00f6rdern. Schwerpunkt unserer Aktivit\u00e4ten ist nat\u00fcrlich M\u00fcnchen, auch in 2026 wieder mit vielen spannenden Aktionen. Einfach bei den Terminen nachschauen und vormerken...<\/p><\/div><\/div><div class=\"fusion-clearfix\"><\/div><div class=\"fusion-meta-info\"><div class=\"fusion-alignleft\"><span class=\"updated\" style=\"display:none;\">2026-02-09T14:33:33+01:00<\/span><span>26. January, 2026<\/span><span class=\"fusion-inline-sep\">|<\/span><a href=\"https:\/\/eu-bayern.de\/bv-muenchen\/c\/allgemein\/\" rel=\"category tag\">Allgemein<\/a><span class=\"fusion-inline-sep\">|<\/span><\/div><\/div><\/article>\n<article id=\"blog-1-post-2286\" class=\"fusion-post-large post-2286 post type-post status-publish format-standard hentry category-allgemein\">\n<div class=\"fusion-post-content post-content\"><h2 class=\"blog-shortcode-post-title entry-title\"><a href=\"https:\/\/eu-bayern.de\/bv-muenchen\/bericht-jahresempfang-europa-union-munchen\/\">Bericht Jahresempfang Europa-Union M\u00fcnchen<\/a><\/h2><div class=\"fusion-post-content-container\"><p>Jahresempfang der Europa-Union M\u00fcnchen zum Thema: America First \u2013 Europa unter Druck\r\nBeim Jahresempfang in M\u00fcnchen standen die aktuellen geopolitische Wandlungen im Blickpunkt. Aus Sicht der Bundeswehr und der \u00d6konomie sowie aus Unternehmensperspektive ging es um erforderliche Neuausrichtungen.\r\nIn diesem Jahr fand der Jahresempfang der Europa-Union M\u00fcnchen und der Jungen Europ\u00e4ischen F\u00f6deralisten beim Unternehmen f\u00fcr Sicherheitstechnologie Giesecke+Devrient in M\u00fcnchen statt. Hauptredner war der Deutsche Milit\u00e4rische Vertreter bei der NATO und der EU, Generalleutnant Wolfgang Wien.\r\nDer Vorsitzende der Europa-Union M\u00fcnchen, Rechtsanwalt Stavros Kostantinidis, hob in seiner Einleitung hervor, dass der transatlantische Schulterschluss nicht mehr selbstverst\u00e4ndlich sei. Europa m\u00fcsse in der Lage sein, sich selbst zu verteidigen. \u201eWir m\u00fcssen unsere Werte wahren, ohne weltfremd zu sein\u201c, sagte Kostantinidis.\r\n(Bericht Gero Kellermann, EUM, 25.06.25)\r\n<\/p><\/div><\/div><div class=\"fusion-clearfix\"><\/div><div class=\"fusion-meta-info\"><div class=\"fusion-alignleft\"><span class=\"updated\" style=\"display:none;\">2025-07-14T16:57:22+02:00<\/span><span>14. July, 2025<\/span><span class=\"fusion-inline-sep\">|<\/span><a href=\"https:\/\/eu-bayern.de\/bv-muenchen\/c\/allgemein\/\" rel=\"category tag\">Allgemein<\/a><span class=\"fusion-inline-sep\">|<\/span><\/div><\/div><\/article>\n<\/div><\/div><div class=\"fusion-clearfix\"><\/div><\/div><\/div><\/div><div class=\"fusion-alignright\"><style>.fusion-button.button-3{border-radius:0px 0px 0px 0px;}<\/style><a class=\"fusion-button button-flat fusion-button-default-size button-default button-3 fusion-button-default-span fusion-button-default-type CLASXXX\" target=\"_self\" href=\"https:\/\/eu-bayern.de\/bv-muenchen\/aktuelles\/\"><span class=\"fusion-button-text\">Themenarchiv anzeigen<\/span><\/a><\/div><\/div><div class=\"fusion-clearfix\"><\/div><\/div><\/div><\/div><\/div><\/p>\n","protected":false},"excerpt":{"rendered":"","protected":false},"author":1,"featured_media":0,"parent":0,"menu_order":0,"comment_status":"closed","ping_status":"closed","template":"","meta":[],"acf":[],"_links":{"self":[{"href":"https:\/\/eu-bayern.de\/bv-muenchen\/wp-json\/wp\/v2\/pages\/2"}],"collection":[{"href":"https:\/\/eu-bayern.de\/bv-muenchen\/wp-json\/wp\/v2\/pages"}],"about":[{"href":"https:\/\/eu-bayern.de\/bv-muenchen\/wp-json\/wp\/v2\/types\/page"}],"author":[{"embeddable":true,"href":"https:\/\/eu-bayern.de\/bv-muenchen\/wp-json\/wp\/v2\/users\/1"}],"replies":[{"embeddable":true,"href":"https:\/\/eu-bayern.de\/bv-muenchen\/wp-json\/wp\/v2\/comments?post=2"}],"version-history":[{"count":3,"href":"https:\/\/eu-bayern.de\/bv-muenchen\/wp-json\/wp\/v2\/pages\/2\/revisions"}],"predecessor-version":[{"id":2127,"href":"https:\/\/eu-bayern.de\/bv-muenchen\/wp-json\/wp\/v2\/pages\/2\/revisions\/2127"}],"wp:attachment":[{"href":"https:\/\/eu-bayern.de\/bv-muenchen\/wp-json\/wp\/v2\/media?parent=2"}],"curies":[{"name":"wp","href":"https:\/\/api.w.org\/{rel}","templated":true}]}}